remainder when 40643 is divided by 457.
427
What is the remainder when 2962746 is divided by 3857?
570
What is the remainder when 21206734 is divided by 456?
454
Calculate the remainder when 172012 is divided by 3171.
778
What is the remainder when 671862 is divided by 29211?
9
Calculate the remainder when 2473410 is divided by 3846.
432
Calculate the remainder when 52615 is divided by 423.
163
Calculate the remainder when 27505 is divided by 26099.
1406
What is the remainder when 20527 is divided by 20359?
168
What is the remainder when 6704535 is divided by 230?
35
What is the remainder when 685150 is divided by 685137?
13
What is the remainder when 618826970 is divided by 4766?
4764
What is the remainder when 36341 is divided by 16637?
3067
What is the remainder when 23493551 is divided by 188?
131
Calculate the remainder when 39085 is divided by 1830.
655
What is the remainder when 392317 is divided by 6431?
26
Calculate the remainder when 135592 is divided by 45179.
55
What is the remainder when 29493185 is divided by 9830980?
245
What is the remainder when 49380 is divided by 9711?
825
Calculate the remainder when 9567736 is divided by 29.
27
What is the remainder when 374668 is divided by 93654?
52
What is the remainder when 9405 is divided by 1080?
765
Calculate the remainder when 14170007 is divided by 83.
81
What is the remainder when 23760694 is divided by 463?
460
What is the remainder when 2186640 is divided by 78094?
8
Calculate the remainder when 681335 is divided by 301.
172
What is the remainder when 34174 is divided by 26573?
7601
What is the remainder when 81568005 is divided by 442?
441
What is the remainder when 407814 is divided by 81544?
94
Calculate the remainder when 325169 is divided by 13005.
44
What is the remainder when 4596078 is divided by 2506?
74
Calculate the remainder when 163883 is divided by 4963.
104
Calculate the remainder when 221546 is divided by 1429.
51
Calculate the remainder when 607814 is divided by 2285.
4
What is the remainder when 251703 is divided by 4663?
4564
What is the remainder when 274228 is divided by 39166?
66
What is the remainder when 170314 is divided by 569?
183
What is the remainder when 18488 is divided by 3282?
2078
What is the remainder when 1239613 is divided by 2811?
2773
What is the remainder when 1978 is divided by 228?
154
Calculate the remainder when 6787823 is divided by 53.
7
What is the remainder when 56748 is divided by 14150?
148
What is the remainder when 8380443 is divided by 7?
1
What is the remainder when 26094336 is divided by 2293?
2289
What is the remainder when 19177961 is divided by 249?
230
What is the remainder when 244489563 is divided by 134?
131
What is the remainder when 430103 is divided by 73?
60
What is the remainder when 829884 is divided by 78?
42
Calculate the remainder when 1369723 is divided by 689.
680
What is the remainder when 123428 is divided by 126?
74
Calculate the remainder when 139859 is divided by 3774.
221
Calculate the remainder when 443857 is divided by 221915.
27
Calculate the remainder when 339976 is divided by 8696.
832
Calculate the remainder when 29989633 is divided by 9188.
1
Calculate the remainder when 57943830 is divided by 59.
48
What is the remainder when 15819154 is divided by 5272981?
211
Calculate the remainder when 271077 is divided by 17.
12
Calculate the remainder when 704664 is divided by 704602.
62
Calculate the remainder when 727614 is divided by 103841.
727
What is the remainder when 405278 is divided by 1388?
1370
Calculate the remainder when 6918041 is divided by 4896.
4889
Calculate the remainder when 4676654 is divided by 294.
290
Calculate the remainder when 2126505 is divided by 1063150.
205
What is the remainder when 164383 is divided by 20151?
3175
Calculate the remainder when 1245 is divided by 1098.
147
What is the remainder when 140202493 is divided by 4?
1
Calculate the remainder when 4543115 is divided by 757173.
77
What is the remainder when 25707947 is divided by 286?
265
Calculate the remainder when 3291263 is divided by 64.
63
Calculate the remainder when 1162681 is divided by 290314.
1425
Calculate the remainder when 18874086 is divided by 183.
15
Calculate the remainder when 211143 is divided by 69816.
1695
Calculate the remainder when 172319 is divided by 19080.
599
What is the remainder when 1795249 is divided by 122?
19
Calculate the remainder when 3276471 is divided by 6.
3
What is the remainder when 96168 is divided by 96161?
7
Calculate the remainder when 5454974 is divided by 7545.
7484
Calculate the remainder when 377087 is divided by 188496.
95
Calculate the remainder when 3530761 is divided by 252.
241
Calculate the remainder when 7433442 is divided by 1858347.
54
Calculate the remainder when 2866407 is divided by 35.
12
Calculate the remainder when 43280074 is divided by 19.
12
What is the remainder when 38312715 is divided by 4041?
4035
What is the remainder when 1808505 is divided by 11446?
37
What is the remainder when 12023566 is divided by 375736?
14
What is the remainder when 45787783 is divided by 802?
801
Calculate the remainder when 12342417 is divided by 18.
15
What is the remainder when 119046480 is divided by 9?
6
What is the remainder when 657814 is divided by 1100?
14
What is the remainder when 1207155 is divided by 3361?
556
What is the remainder when 4312185 is divided by 15971?
15
Calculate the remainder when 5769923 is divided by 4435.
4423
What is the remainder when 260328 is divided by 95?
28
Calculate the remainder when 16460211 is divided by 5614.
5577
What is the remainder when 292933 is divided by 6103?
6092
What is the remainder when 95950 is divided by 94842?
1108
Calculate the remainder when 127192 is divided by 341.
340
What is the remainder when 2535447 is divided by 1153?
0
What is the remainder when 148975 is divided by 779?
186
Calculate the remainder when 233044468 is divided by 219.
217
What is the remainder when 89279 is divided by 1855?
239
What is the remainder when 15602217 is divided by 27?
24
Calculate the remainder when 458054 is divided by 89.
60
What is the remainder when 5349791 is divided by 50?
41
What is the remainder when 142544 is divided by 6786?
38
What is the remainder when 7121150 is divided by 169551?
8
What is the remainder when 13488 is divided by 177?
36
Calculate the remainder when 229693 is divided by 13411.
1706
What is the remainder when 4423049 is divided by 232770?
419
What is the remainder when 8664263 is divided by 1237751?
6
What is the remainder when 1499128 is divided by 91?
85
Calculate the remainder when 360455807 is divided by 110.
107
What is the remainder when 3225951 is divided by 806433?
219
Calculate the remainder when 112945803 is divided by 801.
798
What is the remainder when 373570 is divided by 4242?
274
What is the remainder when 8279387 is divided by 591383?
25
What is the remainder when 553825 is divided by 2576?
2561
What is the remainder when 10425626 is divided by 54?
8
Calculate the remainder when 8175474 is divided by 3425.
3424
What is the remainder when 5944509 is divided by 494?
207
Calculate the remainder when 3202789 is divided by 291157.
62
What is the remainder when 2974607 is divided by 106235?
27
Calculate the remainder when 36862248 is divided by 26.
20
What is the remainder when 3219303 is divided by 993?
990
What is the remainder when 141024166 is divided by 4135?
4126
What is the remainder when 22946098 is divided by 21129?
4
What is the remainder when 1419791 is divided by 195?
191
Calculate the remainder when 245734 is divided by 295.
294
Calculate the remainder when 4073653 is divided by 339466.
61
What is the remainder when 820633 is divided by 487?
38
What is the remainder when 3622311 is divided by 60?
51
Calculate the remainder when 706757 is divided by 27182.
25
What is the remainder when 50327415 is divided by 20?
15
Calculate the remainder when 1322302 is divided by 9860.
1062
What is the remainder when 17159116 is divided by 35?
16
What is the remainder when 17861698 is divided by 2808?
10
Calculate the remainder when 1791 is divided by 269.
177
What is the remainder when 13016274 is divided by 124?
118
What is the remainder when 37730958 is divided by 229?
2
What is 